NOAA-Style Climate Reports

Select a Year or Month report
2024: Jan Feb Mar Apr May Jun Jul Aug Sep Oct Nov Dec
2023: Jan Feb Mar Apr May Jun Jul Aug Sep Oct Nov Dec
2022: Jan Feb Mar Apr May Jun Jul Aug Sep Oct Nov Dec
2021: Jan Feb Mar Apr May Jun Jul Aug Sep Oct Nov Dec
2020: Jan Feb Mar Apr May Jun Jul Aug Sep Oct Nov Dec
2019: Jan Feb Mar Apr May Jun Jul Aug Sep Oct Nov Dec
2018: Jan Feb Mar Apr May Jun Jul Aug Sep Oct Nov Dec
2017: Jan Feb Mar Apr May Jun Jul Aug Sep Oct Nov Dec

Report for 2024 February
                   MONTHLY CLIMATOLOGICAL SUMMARY for FEB. 2024

NAME: Skinner1   CITY: Schroeder   STATE: TX 
ELEV:   158 ft  LAT:  28° 50' 40" N  LONG:  97° 01' 32" W

                   TEMPERATURE (°F), RAIN  (in), WIND SPEED (mph)

                                      HEAT  COOL        AVG
    MEAN                              DEG   DEG         WIND                 DOM
DAY TEMP  HIGH   TIME   LOW    TIME   DAYS  DAYS  RAIN  SPEED HIGH   TIME    DIR
------------------------------------------------------------------------------------
 1  60.7  74.4   3:40p  47.0   4:40a   4.3   0.0  0.00   3.5  21.0   2:10p   SSE
 2  64.4  72.1   2:40p  56.8   3:10a   0.6   0.0  0.30   5.6  22.0   1:10p    SE
 3  63.6  73.8   3:20p  53.3  11:50p   1.4   0.0  2.54   3.2  47.0   5:20a     N
 4  62.5  72.1   2:30p  52.9  10:30p   2.5   0.0  0.00   9.4  37.0   1:00p   WNW
 5  55.3  62.7   4:20p  47.8  11:50p   9.8   0.0  0.00   4.8  21.0  10:20a     N
 6  56.0  71.2   4:20p  40.8   7:40a   9.0   0.0  0.00   1.1  10.0   1:00p   NNW
 7  56.8  71.2   2:10p  42.4   3:40a   8.2   0.0  0.00   6.9  32.0   2:50p   SSE
 8  67.8  74.9   2:20p  60.6   7:50a   0.0   2.8  0.00   3.5  18.0   4:50p     S
 9  70.3  78.5   2:30p  62.1   1:50a   0.0   5.3  0.00   5.6  19.0  11:30a     S
10  69.6  72.4  12:30p  66.8  12:30a   0.0   4.6  0.00   4.8  22.0  12:40p     S
11  63.6  74.8  10:50a  52.3  12:00m   1.4   0.0  0.00   6.5  23.0  11:00a     N
12  52.3  62.1   4:30p  42.5  12:00m  12.7   0.0  0.00   5.9  28.0   9:20a    NW
13  52.8  69.2   3:50p  36.3   7:30a  12.3   0.0  0.00   2.6  16.0   6:00p   SSE
14  55.5  68.0   2:00p  43.0   5:50a   9.5   0.0  0.00   3.5  18.0   2:50p    SE
15  67.6  76.0   3:10p  59.2   7:30a   0.0   2.6  0.00   2.5  15.0  10:00p     S
16  63.1  66.4  12:10a  59.8   8:10a   1.9   0.0  0.57   2.0  21.0   1:30p     N
17  48.7  60.1  12:10a  37.3  11:40p  16.3   0.0  0.00   8.2  28.0   6:40a   NNE
18  45.5  55.2   4:10p  35.7   3:40a  19.5   0.0  0.00   2.5  14.0  12:40p     N
19  52.3  69.0   4:10p  35.5   6:10a  12.8   0.0  0.00   2.9  16.0  11:50a     S
20  61.3  79.1   3:00p  43.6   7:20a   3.7   0.0  0.00   4.3  25.0   3:40p     S
21  67.8  76.8   2:50p  58.8   4:30a   0.0   2.8  0.00   7.8  27.0  11:10p     S
22  70.3  80.2   4:30p  60.5  11:40p   0.0   5.3  0.00   3.7  18.0  12:40a   SSW
23  65.2  76.8   4:10p  53.5   7:40a   0.0   0.2  0.00   2.3  17.0   1:10p     N
24  63.4  79.6   2:20p  47.2   7:20a   1.6   0.0  0.00   3.2  18.0   5:20p     S
25  68.2  81.5   2:20p  54.8   1:10a   0.0   3.2  0.00   6.7  22.0  11:40a     S
26  66.3  70.1  11:10a  62.5   3:30a   0.0   1.3  0.00   4.5  16.0   9:30a   SSW
27
28
29
-------------------------------------------------------------------------------------
    61.2  81.5    25    35.5    19   127.4  28.0  3.41   4.5  47.0     3       S

Max >=  90.0:  0
Max <=  32.0:  0
Min <=  32.0:  0
Min <=   0.0:  0
Max Rain: 2.54 ON 02/03/24
Days of Rain: 3 (>.01 in) 3 (>.1 in) 1 (>1 in)
Heat Base:  65.0  Cool Base:  65.0  Method: (High + Low) / 2