NOAA-Style Climate Reports

Select a Year or Month report
2024: Jan Feb Mar Apr May Jun Jul Aug Sep Oct Nov Dec
2023: Jan Feb Mar Apr May Jun Jul Aug Sep Oct Nov Dec
2022: Jan Feb Mar Apr May Jun Jul Aug Sep Oct Nov Dec
2021: Jan Feb Mar Apr May Jun Jul Aug Sep Oct Nov Dec
2020: Jan Feb Mar Apr May Jun Jul Aug Sep Oct Nov Dec
2019: Jan Feb Mar Apr May Jun Jul Aug Sep Oct Nov Dec
2018: Jan Feb Mar Apr May Jun Jul Aug Sep Oct Nov Dec
2017: Jan Feb Mar Apr May Jun Jul Aug Sep Oct Nov Dec

Report for 2024 June
                   MONTHLY CLIMATOLOGICAL SUMMARY for JUN. 2024

NAME: Skinner1   CITY: Schroeder   STATE: TX 
ELEV:   158 ft  LAT:  28° 50' 40" N  LONG:  97° 01' 32" W

                   TEMPERATURE (°F), RAIN  (in), WIND SPEED (mph)

                                      HEAT  COOL        AVG
    MEAN                              DEG   DEG         WIND                 DOM
DAY TEMP  HIGH   TIME   LOW    TIME   DAYS  DAYS  RAIN  SPEED HIGH   TIME    DIR
------------------------------------------------------------------------------------
 1  80.6  89.3   6:30p  71.9  10:00a   0.0  15.6  0.67   4.7  21.0   4:30p    SE
 2  85.8  93.5   3:00p  78.1   4:50a   0.0  20.8  0.00   7.0  26.0   5:00p    SE
 3  86.1  92.0   1:30p  80.1   2:00a   0.0  21.1  0.00   8.5  27.0   1:30p   SSE
 4  87.3  93.5   3:40p  81.2   6:10a   0.0  22.3  0.00   9.0  27.0   2:50p   SSE
 5  80.7  89.8  11:20a  71.5   1:40p   0.0  15.7  0.11   4.0  23.0  12:00p   SSE
 6  83.3  95.0   4:00p  71.7   7:00a   0.0  18.3  0.00   2.3  17.0  12:30p    SE
 7  83.5  95.1   3:10p  71.9   7:00a   0.0  18.5  0.00   3.5  17.0   2:00p    SE
 8  82.9  93.9   3:30p  71.9   6:30a   0.0  17.9  0.00   4.6  21.0   4:20p   SSE
 9  84.6  96.7   3:00p  72.6   6:50a   0.0  19.6  0.00   4.7  23.0   4:10p   SSE
10  84.4  94.5   4:00p  74.4   7:00a   0.0  19.4  0.00   1.4  20.0  10:30a    SE
11  84.8  97.5   4:10p  72.0   6:30a   0.0  19.8  1.62   2.4  31.0   8:10p    SE
12  83.3  93.0   1:50p  73.5  12:20a   0.0  18.3  0.58   1.1  18.0   2:30p    SE
13  85.6  95.6   4:40p  75.7   6:20a   0.0  20.6  0.00   1.9  15.0   3:00p    SE
14  85.8  95.5   4:30p  76.1   6:40a   0.0  20.8  0.00   2.3  13.0   6:40p    SE
15  84.1  92.7   4:00p  75.6   6:50a   0.0  19.1  0.00   4.0  20.0   6:30p   SSE
16  84.5  93.6   3:10p  75.4   6:40a   0.0  19.5  0.00   5.0  20.0   4:40p    SE
17  85.2  93.4   2:30p  77.0   7:10a   0.0  20.2  0.00   7.6  26.0   2:50p    SE
18  83.7  91.2   3:30p  76.2   6:50a   0.0  18.7  0.08   5.2  27.0   7:00p    SE
19  77.1  77.9   9:40a  76.2   4:10p   0.0  12.1  1.33   3.8  17.0   3:00p    NE
20
21
22
23
24
25
26
27
28
29
30
-------------------------------------------------------------------------------------
    83.9  97.5    11    71.5     5     0.0 358.3  4.39   4.4  31.0    11      SE

Max >=  90.0: 16
Max <=  32.0:  0
Min <=  32.0:  0
Min <=   0.0:  0
Max Rain: 1.62 ON 06/11/24
Days of Rain: 6 (>.01 in) 5 (>.1 in) 2 (>1 in)
Heat Base:  65.0  Cool Base:  65.0  Method: (High + Low) / 2