NOAA-Style Climate Reports

Select a Year or Month report
2024: Jan Feb Mar Apr May Jun Jul Aug Sep Oct Nov Dec
2023: Jan Feb Mar Apr May Jun Jul Aug Sep Oct Nov Dec
2022: Jan Feb Mar Apr May Jun Jul Aug Sep Oct Nov Dec
2021: Jan Feb Mar Apr May Jun Jul Aug Sep Oct Nov Dec
2020: Jan Feb Mar Apr May Jun Jul Aug Sep Oct Nov Dec
2019: Jan Feb Mar Apr May Jun Jul Aug Sep Oct Nov Dec
2018: Jan Feb Mar Apr May Jun Jul Aug Sep Oct Nov Dec
2017: Jan Feb Mar Apr May Jun Jul Aug Sep Oct Nov Dec

Report for 2024 May
                   MONTHLY CLIMATOLOGICAL SUMMARY for MAY. 2024

NAME: Skinner1   CITY: Schroeder   STATE: TX 
ELEV:   158 ft  LAT:  28° 50' 40" N  LONG:  97° 01' 32" W

                   TEMPERATURE (°F), RAIN  (in), WIND SPEED (mph)

                                      HEAT  COOL        AVG
    MEAN                              DEG   DEG         WIND                 DOM
DAY TEMP  HIGH   TIME   LOW    TIME   DAYS  DAYS  RAIN  SPEED HIGH   TIME    DIR
------------------------------------------------------------------------------------
 1  80.0  86.2   4:30p  73.8  12:30a   0.0  15.0  0.00   7.7  24.0  12:40p    SE
 2  79.3  83.6   2:20p  75.1  10:50p   0.0  14.3  0.01   5.9  20.0  12:20a    SE
 3  77.0  79.3   3:20p  74.7   7:20a   0.0  12.0  0.01   4.9  23.0   6:40p    SE
 4  81.0  87.4   3:50p  74.6   5:50a   0.0  16.0  0.00   7.8  23.0   3:50p    SE
 5  75.4  79.5   3:20p  71.3   8:20a   0.0  10.4  0.11   5.4  20.0   3:10p    SE
 6  82.0  88.0   3:10p  76.0   7:30a   0.0  17.0  0.00   7.1  23.0   1:10p   SSE
 7  82.1  87.6   1:20p  76.7  12:10a   0.0  17.1  0.00   4.5  18.0   5:20p   SSE
 8  83.3  89.3   2:10p  77.3   5:40a   0.0  18.3  0.00   5.5  19.0  11:50a   SSE
 9  85.3  92.6   3:20p  78.0   4:00a   0.0  20.3  0.00   3.6  15.0  11:40a   SSE
10  83.3  91.5   4:20p  75.0   7:30a   0.0  18.3  0.00   3.2  15.0   3:30p    NE
11  76.5  82.3   1:50p  70.7   6:20a   0.0  11.5  0.01   1.9  12.0  12:40p    NE
12  80.9  90.1   2:20p  71.8   5:50a   0.0  15.9  0.01   5.3  24.0   3:40p   SSE
13  76.1  85.8  12:50p  66.4  11:30p   0.0  11.1  0.81   1.9  30.0   2:20p     N
14  78.4  93.1   5:00p  63.8   3:20a   0.0  13.4  0.01   2.4  18.0   2:50p    NW
15  77.2  91.5   2:30p  62.9   7:10a   0.0  12.2  0.00   4.6  19.0   4:40p    SE
16  78.1  86.6   5:00p  69.7  12:00m   0.0  13.1  0.02   5.0  24.0   7:00p    SE
17  71.7  76.7   7:00p  66.7  11:50p   0.0   6.7  0.08   2.1  19.0   3:10a   NNE
18  77.4  91.0   4:10p  63.9   6:20a   0.0  12.4  0.00   2.3  15.0   4:30p    SE
19  83.3  92.6   3:20p  74.0  11:20p   0.0  18.3  0.00   4.2  16.0   4:30p   SSE
20  82.6  93.6   2:30p  71.5   2:40a   0.0  17.6  0.00   5.4  21.0   4:30p   SSE
21  86.1  93.7   3:30p  78.6   1:50a   0.0  21.1  0.00   7.3  23.0   6:00p   SSE
22  85.9  93.1   3:00p  78.7   4:50a   0.0  20.9  0.00   8.2  25.0   4:00p   SSE
23  86.0  92.2   2:00p  79.8   3:30a   0.0  21.0  0.00   9.8  29.0   3:20p   SSE
24  86.9  94.1   2:20p  79.7   7:10a   0.0  21.9  0.00   8.1  24.0   4:30p   SSE
25
26
27
28
29
30
31
-------------------------------------------------------------------------------------
    80.7  94.1    24    62.9    15     0.0 376.0  1.07   5.2  30.0    13     SSE

Max >=  90.0: 12
Max <=  32.0:  0
Min <=  32.0:  0
Min <=   0.0:  0
Max Rain: 0.81 ON 05/13/24
Days of Rain: 4 (>.01 in) 2 (>.1 in) 0 (>1 in)
Heat Base:  65.0  Cool Base:  65.0  Method: (High + Low) / 2